mainder when 1728 is divided by 573?
9
Calculate the remainder when 59263 is divided by 5921.
53
Calculate the remainder when 578 is divided by 275.
28
Calculate the remainder when 9678 is divided by 769.
450
What is the remainder when 6182 is divided by 324?
26
What is the remainder when 682 is divided by 508?
174
Calculate the remainder when 4133 is divided by 115.
108
What is the remainder when 8144 is divided by 8130?
14
What is the remainder when 14985 is divided by 20?
5
What is the remainder when 4180 is divided by 4050?
130
What is the remainder when 7382 is divided by 33?
23
Calculate the remainder when 11726 is divided by 1157.
156
What is the remainder when 784079 is divided by 15?
14
Calculate the remainder when 2216212 is divided by 91.
89
Calculate the remainder when 1283578 is divided by 27.
25
What is the remainder when 17999 is divided by 36?
35
What is the remainder when 288 is divided by 254?
34
What is the remainder when 76531 is divided by 9565?
11
What is the remainder when 10570 is divided by 898?
692
Calculate the remainder when 8922 is divided by 8914.
8
Calculate the remainder when 10477 is divided by 13.
12
Calculate the remainder when 47842 is divided by 26.
2
Calculate the remainder when 6672 is divided by 119.
8
What is the remainder when 33234 is divided by 33227?
7
What is the remainder when 441194 is divided by 55148?
10
What is the remainder when 18338 is divided by 103?
4
Calculate the remainder when 5482 is divided by 67.
55
Calculate the remainder when 176119 is divided by 35.
34
What is the remainder when 37798 is divided by 225?
223
Calculate the remainder when 42876 is divided by 178.
156
Calculate the remainder when 4951 is divided by 841.
746
What is the remainder when 11746 is divided by 40?
26
What is the remainder when 322936 is divided by 161464?
8
What is the remainder when 63681 is divided by 12735?
6
Calculate the remainder when 3235 is divided by 823.
766
What is the remainder when 5045 is divided by 1452?
689
Calculate the remainder when 4085 is divided by 255.
5
What is the remainder when 123056 is divided by 41015?
11
What is the remainder when 123628 is divided by 481?
11
Calculate the remainder when 21802 is divided by 666.
490
Calculate the remainder when 9934 is divided by 114.
16
What is the remainder when 15986 is divided by 550?
36
Calculate the remainder when 2583 is divided by 839.
66
Calculate the remainder when 3965 is divided by 441.
437
What is the remainder when 60369 is divided by 136?
121
Calculate the remainder when 102374 is divided by 198.
8
What is the remainder when 1785819 is divided by 13?
9
What is the remainder when 37147 is divided by 148?
147
What is the remainder when 2901 is divided by 329?
269
What is the remainder when 65 is divided by 63?
2
What is the remainder when 14173 is divided by 2792?
213
What is the remainder when 28059 is divided by 561?
9
What is the remainder when 35990 is divided by 22?
20
Calculate the remainder when 260258 is divided by 169.
167
Calculate the remainder when 19793 is divided by 43.
13
What is the remainder when 726 is divided by 644?
82
Calculate the remainder when 713128 is divided by 27.
4
Calculate the remainder when 11237 is divided by 324.
221
Calculate the remainder when 59700 is divided by 131.
95
Calculate the remainder when 9294 is divided by 34.
12
Calculate the remainder when 14110 is divided by 1698.
526
What is the remainder when 10438 is divided by 1739?
4
What is the remainder when 2702 is divided by 26?
24
What is the remainder when 2906 is divided by 313?
89
What is the remainder when 31315 is divided by 39?
37
Calculate the remainder when 793608 is divided by 459.
456
Calculate the remainder when 730284 is divided by 16.
12
What is the remainder when 20806 is divided by 17?
15
What is the remainder when 172191 is divided by 159?
153
Calculate the remainder when 17974 is divided by 28.
26
What is the remainder when 3833 is divided by 261?
179
Calculate the remainder when 23857 is divided by 28.
1
Calculate the remainder when 788491 is divided by 238.
235
Calculate the remainder when 8171 is divided by 628.
7
Calculate the remainder when 27706 is divided by 32.
26
Calculate the remainder when 520674 is divided by 260329.
16
Calculate the remainder when 141364 is divided by 99.
91
Calculate the remainder when 369133 is divided by 184557.
19
Calculate the remainder when 834 is divided by 47.
35
What is the remainder when 1062069 is divided by 88?
85
Calculate the remainder when 591073 is divided by 15.
13
Calculate the remainder when 79700 is divided by 36.
32
Calculate the remainder when 176 is divided by 59.
58
Calculate the remainder when 346749 is divided by 365.
364
What is the remainder when 122347 is divided by 362?
353
Calculate the remainder when 23289 is divided by 61.
48
Calculate the remainder when 11647 is divided by 28.
27
What is the remainder when 304751 is divided by 125?
1
What is the remainder when 26723 is divided by 8804?
311
Calculate the remainder when 3200 is divided by 302.
180
What is the remainder when 9151 is divided by 4569?
13
Calculate the remainder when 385772 is divided by 54.
50
Calculate the remainder when 35718 is divided by 372.
6
Calculate the remainder when 14622 is divided by 609.
6
Calculate the remainder when 1046 is divided by 896.
150
Calculate the remainder when 64189 is divided by 131.
130
Calculate the remainder when 23866 is divided by 1988.
10
Calculate the remainder when 2553 is divided by 170.
3
Calculate the remainder when 7105 is divided by 1770.
25
Calculate the remainder when 24967 is divided by 8305.
52
Calculate the remainder when 40513 is divided by 379.
339
Calculate the remainder when 3422 is divided by 1699.
24
Calculate the remainder when 5839 is divided by 96.
79
What is the remainder when 1743 is divided by 344?
23
What is the remainder when 15038 is divided by 838?
792
What is the remainder when 4276 is divided by 563?
335
What is the remainder when 205851 is divided by 17?
15
What is the remainder when 19324 is divided by 3737?
639
Calculate the remainder when 6855 is divided by 1139.
21
Calculate the remainder when 579956 is divided by 21.
20
Calculate the remainder when 2884 is divided by 71.
44
What is the remainder when 463 is divided by 296?
167
Calculate the remainder when 853 is divided by 63.
34
What is the remainder when 61544 is divided by 1043?
7
What is the remainder when 920 is divided by 806?
114
Calculate the remainder when 106801 is divided by 2.
1
What is the remainder when 11347 is divided by 11188?
159
Calculate the remainder when 44228 is divided by 697.
317
Calculate the remainder when 3312 is divided by 573.
447
Calculate the remainder when 44189 is divided by 38.
33
Calculate the remainder when 503354 is divided by 121.
115
Calculate the remainder when 74287 is divided by 42.
31
What is the remainder when 658 is divided by 29?
20
Calculate the remainder when 8717182 is divided by 18.
16
What is the remainder when 206478 is divided by 145?
143
What is the remainder when 10586 is divided by 3513?
47
Calculate the remainder when 268809 is divided by 33.
24
Calculate the remainder when 58331 is divided by 4.
3
Calculate the remainder when 426439 is divided by 79.
76
Calculate the remainder when 331 is divided by 262.
69
Calculate the remainder when 14790 is divided by 22.
6
Calculate the remainder when 2400 is divided by 1182.
36
What is the remainder when 9954 is divided by 9920?
34
What is the remainder when 1024 is divided by 765?
259
Calculate the remainder when 3912 is divided by 1945.
22
What is the remainder when 9593 is divided by 431?
111
Calculate the remainder when 815397 is divided by 906.
903
What is the remainder when 39821 is divided by 265?
71
Calculate the remainder when 5026 is divided by 153.
130
Calculate the remainder when 4219 is divided by 87.
43
Calculate the remainder when 143400 is divided by 216.
192
Calculate the remainder when 9135 is divided by 380.
15
What is the remainder when 19820272 is divided by 67?
64
Calculate the remainder when 1671438 is divided by 1044.
1038
What is the remainder when 246070 is divided by 53?
44
Calculate the remainder when 142902 is divided by 2133.
2124
Calculate the r